
Is 14754666967 composite?
False
Is 911218823 a composite number?
False
Is 68242662661 composite?
True
Is 2371661641 prime?
True
Is 7861858859 composite?
True
Is 12541994711 a prime number?
False
Is 13549635413 prime?
True
Is 36093993151 a prime number?
True
Is 4800955543 a composite number?
False
Is 2585212913 prime?
True
Is 37297960331 prime?
False
Is 10277897167 prime?
False
Is 11452713227 prime?
True
Is 675807281 composite?
True
Is 299167321 a prime number?
True
Is 179557787 composite?
False
Is 1415440937 a composite number?
True
Is 11330161481 a prime number?
True
Is 4990627 composite?
True
Is 12570123467 a composite number?
True
Is 157929907 composite?
False
Is 877316783 a prime number?
False
Is 9428296373 composite?
True
Is 2074999687 a composite number?
True
Is 86537383 prime?
True
Is 889509283 a composite number?
True
Is 32815702979 composite?
False
Is 379852931 a composite number?
False
Is 35982124487 prime?
False
Is 51346300937 prime?
True
Is 715637917 prime?
True
Is 19727315197 a composite number?
True
Is 2229141491 prime?
True
Is 1388185489 composite?
False
Is 5484206267 a prime number?
False
Is 1764321031 a prime number?
False
Is 13655868197 prime?
True
Is 461649043 composite?
True
Is 33878275133 prime?
True
Is 20015999689 a prime number?
False
Is 19890726641 composite?
False
Is 786202231 a prime number?
True
Is 16640581381 a composite number?
True
Is 27914867087 composite?
True
Is 47229341147 prime?
True
Is 3703538413 composite?
True
Is 1347279719 prime?
True
Is 47238065011 composite?
True
Is 968412389 composite?
True
Is 3774005509 prime?
False
Is 963835583 a composite number?
True
Is 14439058411 prime?
True
Is 2197251923 a composite number?
False
Is 1775633803 composite?
True
Is 9436489291 prime?
False
Is 7576687061 a composite number?
False
Is 3389148559 a prime number?
True
Is 1157659423 a composite number?
True
Is 7294159111 prime?
False
Is 248275877 composite?
True
Is 15391103111 a prime number?
False
Is 48685956647 a prime number?
True
Is 270439797 a prime number?
False
Is 4839422459 a prime number?
True
Is 22902841 a composite number?
True
Is 2690403761 composite?
True
Is 401379029 a prime number?
False
Is 2639539517 a prime number?
True
Is 36911440051 a prime number?
False
Is 1838442043 prime?
True
Is 2755828357 a prime number?
True
Is 188463631 a prime number?
False
Is 14735335961 a prime number?
True
Is 1226143469 a composite number?
False
Is 311935849 composite?
False
Is 9343920899 prime?
True
Is 5117738207 composite?
False
Is 2770553459 composite?
False
Is 227559133 a composite number?
False
Is 346404077 a composite number?
True
Is 2937176741 prime?
True
Is 1828179385 a prime number?
False
Is 12127708655 composite?
True
Is 18480516559 prime?
True
Is 1682423317 a composite number?
False
Is 4604556841 a composite number?
True
Is 408463051 prime?
True
Is 37785781263 prime?
False
Is 1669575121 composite?
True
Is 26797339 composite?
False
Is 1134675167 a composite number?
True
Is 27533069 a composite number?
True
Is 8092202887 prime?
True
Is 344725751 prime?
True
Is 1632481105 a prime number?
False
Is 5009725199 prime?
True
Is 4458565117 prime?
True
Is 30139762841 a prime number?
True
Is 604769063 a composite number?
False
Is 2853719971 prime?
True
Is 3402085573 a composite number?
False
Is 6802614799 a prime number?
False
Is 22980540239 prime?
True
Is 12176368367 composite?
True
Is 2464324559 composite?
True
Is 338739640997 a prime number?
True
Is 26663645209 a prime number?
True
Is 13373005247 a prime number?
False
Is 21099038491 composite?
True
Is 5414427685 a prime number?
False
Is 44789685149 a composite number?
True
Is 570924733 prime?
False
Is 7907366531 a prime number?
False
Is 1305109711 a composite number?
True
Is 224986459403 a prime number?
False
Is 1354291151 prime?
True
Is 736829167 prime?
True
Is 2396424817 a composite number?
False
Is 4391724941 a composite number?
True
Is 2647005157 prime?
False
Is 22353367679 a prime number?
True
Is 2380991837 prime?
False
Is 36619499513 composite?
False
Is 308513615 a prime number?
False
Is 25136976113 a composite number?
True
Is 3318551 a prime number?
False
Is 13575322643 a composite number?
False
Is 7102021753 composite?
True
Is 29014982419 prime?
False
Is 84271507 prime?
True
Is 722878351781 composite?
False
Is 11195749 composite?
True
Is 641130257 a composite number?
False
Is 4995352409 a prime number?
False
Is 39988073539 composite?
True
Is 423931679 prime?
True
Is 467433119 prime?
False
Is 3008287505 prime?
False
Is 27309952893 prime?
False
Is 360204073 composite?
True
Is 1689761449 composite?
True
Is 912480673 a prime number?
False
Is 3016204531 prime?
False
Is 564372085 composite?
True
Is 59944030789 prime?
True
Is 18591321433 a prime number?
True
Is 11525449657 a prime number?
True
Is 29160216751 composite?
False
Is 900059389 a prime number?
True
Is 12654283729 a prime number?
True
Is 12675083 a prime number?
True
Is 4796893462 a prime number?
False
Is 18730033537 a prime number?
True
Is 602589859 prime?
False
Is 1744942937 composite?
False
Is 9559278353 prime?
False
Is 94340050829 a prime number?
False
Is 51509248493 prime?
True
Is 107482321 a composite number?
False
Is 7960214959 prime?
False
Is 24806245241 prime?
True
Is 1807751819 composite?
False
Is 630197729287 a composite number?
True
Is 1146909823 prime?
True
Is 2917992733 composite?
False
Is 27163114477 a prime number?
False
Is 116414915737 composite?
False
Is 11049973967 a prime number?
True
Is 43265777 a prime number?
False
Is 31986745657 prime?
True
Is 11662812191 prime?
True
Is 271186541 a composite number?
True
Is 1079595773 a prime number?
True
Is 69863432479 a composite number?
False
Is 41314437961 a composite number?
False
Is 2597547947 a prime number?
True
Is 9670445113 prime?
False
Is 2585139773 prime?
True
Is 1561570871 composite?
True
Is 1051626553 prime?
True
Is 308386457 composite?
False
Is 7185674029 a composite number?
True
Is 48660997037 composite?
True
Is 3453968777 prime?
False
Is 2971697849 a composite number?
False
Is 145790291 composite?
False
Is 74019776221 composite?
False
Is 21076158887 a prime number?
False
Is 13465799693 a composite number?
False
Is 432820690511 a composite number?
True
Is 92584468453 a prime number?
False
Is 10563365023 prime?
True
Is 563912509 prime?
True
Is 108226498379 a prime number?
True
Is 301149217 composite?
False
Is 1092789791 prime?
True
Is 759234587 composite?
True
Is 4517758451 a composite number?
False
Is 48626038997 a composite number?
False
Is 49574079551 prime?
False
Is 99188549 a composite number?
False
Is 73504679 prime?
False
Is 112243291 a prime number?
False
Is 40002271237 a prime number?
False
Is 5815915763 prime?
False
Is 1019904601 composite?
False
Is 150038850313 a composite number?
True
Is 568770091 a prime number?
True
Is 4126704607 a composite number?
False
Is 11853644419 a composite number?
True
Is 1321796657 composite?
False
Is 7430639917 composite?
False
Is 186026746 prime?
False
Is 14563605417 a prime number?
False
Is 27499050203 prime?
False
Is 4664146127 a composite number?
False
Is 6016545949 a prime number?
True
Is 161354153 prime?
True
Is 2106298421 prime?
True
Is 670721347 composite?
True
Is 6937554149 a composite number?
False
Is 21240830029 a composite number?
False
Is 240143970839 prime?
False
Is 14474544473 a prime number?
False
Is 1396419751 a composite number?
False
Is 847596259 a composite number?
True
Is 17288134631 a prime number?
True
Is 125723138227 a composite number?
True
Is 4615935361 composite?
True
Is 1074572777 a composite number?
False
Is 4081726567 a prime number?
True
Is 511650149 composite?
True
Is 136083217 prime?
False
Is 3892700971 a composite number?
True
Is 163789553209 a prime number?
True
Is 426685823 prime?
True
Is 143525059 a composite number?
False
Is 12135040433 a prime number?
False
Is 593624461 composite?
True
Is 53297711923 composite?
False
Is 1286805017 prime?
True
Is 68794723 a prime number?
True
Is 114979365451 composite?
True
Is 1541025449 composite?
True
Is 6120051571 a composite number?
False
Is 3611680859 prime?
False
Is 50306483 a prime number?
False
Is 8160324769 composite?
False
Is 10529457581 prime?
True
Is 1565779591 a prime number?
False
Is 3485516717 prime?
True
Is 7